- 4*f + 1 + 3 = 0. Give y(b).
-12
Let p(w) be the second derivative of -2*w**3/3 + 58*w**2 + 307*w + 8. Determine p(24).
20
Suppose -10815*w + 10807*w = 24. Let m(f) = -3*f + 1. Determine m(w).
10
Let y(x) = 8*x**3 - x**2 + 1. Suppose b = -8*b - 9. Let s be (-10 + 12)*b/2. Determine y(s).
-8
Let w be -3 - ((-2)/7 + (-5472)/56). Let p = 92 - w. Let b(a) = a**2 + 6*a + 4. Let s(z) = 3*z**2 + 17*z + 12. Let q(h) = -11*b(h) + 4*s(h). What is q(p)?
7
Let i(o) be the first derivative of -110*o**2 + 666*o + 4413. Determine i(3).
6
Let t(x) = -2*x**3 + 53*x**2 + 28*x - 22. Let b be t(27). Suppose b*o = -37*w + 36*w - 17, 0 = 4*o - 5*w + 2. Let m(u) = -u**3 - 5*u**2 - u - 2. Determine m(o).
-17
Let v be ((-28)/(-20) + -1)*5. Suppose -53 = -v*k - 35. Let t(q) = -q**2 + 7*q + 13. What is t(k)?
-5
Let z(k) = 57*k + 19. Let q(p) = 21*p + 6. Let l(s) = 8*q(s) - 3*z(s). What is l(-2)?
-3
Let l(o) = -o**3 + 8*o**2 + 4*o - 4. Let w = 663 - 661. Suppose -9*q + 63 = -w*q. Calculate l(q).
-49
Let j(h) be the first derivative of h**4/2 + h**3/3 + h**2/2 + 2. Let i(x) = -x**3 - 5*x**2 - 26*x - 282. Let v be i(-7). What is j(v)?
-14
Let m(s) be the first derivative of s**3/3 - s - 155. Let y = -27 + 41. Suppose 0*b + 2*b + y = 2*r, 2*r + b + 1 = 0. Give m(r).
3
Let q(b) be the first derivative of -b**3/3 + 4*b**2 - 3*b + 13. Let m(g) = -14*g**2 - 144*g - 34. Let t be m(-10). Calculate q(t).
9
Let w(h) = -4. Let u(b) = 2*b - 17. Let k(c) = 2*u(c) - 9*w(c). Suppose -7*s + 4 = -9*s. Let a(y) = -y. Let r be a(s). Give k(r).
10
Suppose 43*p - 48*p - 25 = 0. Let l be (-3)/((1/p)/(12/20)). Let f be 12/(l/((-45)/(-10))). Let u(a) = a**3 - 5*a**2 - 4*a - 4. Calculate u(f).
8
Let q(s) = -2*s**2 - 18*s + 3. Let l = 967 - 976. Give q(l).
3
Let p(x) = 0*x**2 - 3*x - 5*x**3 - 1 + 0 - 4*x**2 + 4*x**3. Let m = 24 - 28. Let b = m - 0. Calculate p(b).
11
Let d(q) = q**3 - q**2 - 5*q + 6. Let k be d(2). Let w(r) = 7 - 76*r + 0 + 74*r - 3. Give w(k).
4
Let q = -30897 - -30901. Let u(j) be the second derivative of -5/2*j**2 + 1/12*j**q + j**3 + 0 + 27*j. Give u(-5).
-10
Let g = -204 + 18. Let z = g + 192. Let m(w) be the third derivative of w**4/6 - 3*w**3/2 - w**2. Determine m(z).
15
Let u(w) be the second derivative of w**5/20 + w**4/6 - 7*w**3/6 - 4*w**2 + 2111*w. Determine u(-4).
-12
Let p(j) be the second derivative of j**3/6 + 3*j**2/2 - j. Let k(i) = i + 4. Let b(l) = -134*l - 934. Let y be b(-7). Let t(h) = y*p(h) - 5*k(h). Give t(-6).
-2
Let a = 991 + -991. Let d(f) = 2*f**2 - 3*f + 3. Give d(a).
3
Let b(v) = v**2 + 10*v + 12. Let c = -9309 + 9299. Determine b(c).
12
Let n(i) be the third derivative of -1/12*i**5 + 2*i**2 - 22 + 1/24*i**4 + 0*i**3 - 1/120*i**6 + 0*i. Calculate n(-5).
-5
Let j(v) = -91*v**3 - 28*v**2 - 45*v + 518. Let m(x) = -17*x**3 - 6*x**2 - 9*x + 103. Let f(i) = -3*j(i) + 16*m(i). Determine f(12).
-14
Let k(b) be the second derivative of -b**5/20 + 5*b**4/12 + 25*b**3/6 - 3*b**2/2 + 2752*b. Determine k(8).
5
Let l(w) = -94*w**3 + 23*w**2 + 24*w + 44. Let k(h) = -113*h**3 + 24*h**2 + 22*h + 45. Let o(x) = 5*k(x) - 6*l(x). Calculate o(-16).
-7
Suppose 108*q = 111*q - 3*b + 9, 0 = 6*q - 4*b + 20. Let o(z) be the second derivative of z**3/3 + z**2/2 + z. Give o(q).
-7
Let l(b) = -b + 10. Let p be 18/1*(-34)/2. Let x = p + 310. Determine l(x).
6
Let l(x) = 13*x**2 - 18*x + 5. Let c(z) = 28*z**2 - 38*z + 9. Let d(u) = 6*c(u) - 13*l(u). Suppose -w - 7 + 12 = 0. Calculate d(w).
-6
Let b = 1307 - 1314. Let f(a) = 7*a + 14. Let q(r) = -8*r - 14. Let p(m) = -5*f(m) - 4*q(m). What is p(b)?
7
Let n(x) = -134*x**2 + 2 - 30880*x + 30879*x + 128*x**2. Let r be (-4)/6*3/(-1). Determine n(r).
-24
Let t(s) = -s**2 - 10*s + 2. Let g be 1*(23/(207/(-54)) - 5). Determine t(g).
-9
Let h(t) be the second derivative of t**3 + 23*t**2 - 1542*t. Give h(-8).
-2
Let v(a) = a - 7 - 5*a + 19 + 7 - 2*a. What is v(3)?
1
Let a(w) be the first derivative of -w**3 - 3*w**2 - 10*w - 3432. What is a(0)?
-10
Let o be (3 - 2/1) + 1. Let n(u) = 9*u + 402. Let g(k) = -2*k - 80. Let x(z) = 5*g(z) + n(z). What is x(o)?
0
Suppose 0 = -4*b + 5*w + 12, 0*b + b = -w - 6. Let i(t) = -71*t**2 - 11*t + 24. Let j(u) = 13*u**2 + 2*u - 5. Let f(z) = b*i(z) - 11*j(z). Determine f(5).
-18
Let o(j) be the second derivative of -j**5/20 - 7*j**4/12 - 5*j**3/6 + 3*j**2/2 + 932*j. Determine o(-5).
-22
Let f(d) = -99*d**2 + 139*d + 11. Let w(z) = -49*z**2 + 62*z + 5. Let p(r) = 4*f(r) - 9*w(r). What is p(-1)?
46
Let p(t) = 5*t**3 - 44*t**2 + 63. Let k(z) be the third derivative of -z**6/120 + 3*z**5/20 - 2*z**3 + 61*z**2. Let c(x) = 11*k(x) + 2*p(x). Give c(11).
-6
Let x = 52 + -52. Let z(c) = -c**2 + 3*c + 2. Let b be z(x). Let n(a) = 3 - 2*a + 4*a**3 - 5*a - a**3 + 6*a**b - 4*a**3. Calculate n(5).
-7
Let r(b) = b**2 + 3*b - 8. Suppose -3*x + 10 + 2 = 0. Let g(v) = 4*v**2 + 4*v**2 + 2*v - x*v**2 - 9 - 2*v**2. Let a(u) = 2*g(u) - 3*r(u). Give a(4).
2
Let v(g) = 6*g + 4. Suppose -31*c + 24 = -19*c. Suppose 4*w + 16 = -c*x - 3*x, -4*x = 0. Give v(w).
-20
Let y(f) = -f + 10. Let d(a) = a**3 - 40*a**2 + 264*a - 243. Let w be d(32). Determine y(w).
-3
Let b(j) = -j**3 - 3*j**2 - 3*j - 6. Suppose -37*q + 41*q + 15 = d, -5*q - d = 12. Determine b(q).
3
Let w(n) = n**2 + 17*n - 7. Let d(s) be the third derivative of -s**5/30 - 4*s**4/3 + 13*s**3/6 + 105*s**2. Let h(p) = -4*d(p) - 7*w(p). Calculate h(-10).
7
Let h(u) be the third derivative of u**6/120 + 7*u**5/60 - u**4/8 - u**3/3 + 8*u**2. Let q = 22341 - 22348. Determine h(q).
19
Let w(l) be the first derivative of -l**3/3 + 13*l**2/2 - 39*l - 924. Determine w(7).
3
Let s(x) = -x**2 + 6*x + 15. Suppose 2*g - 11 = -11*a + 14*a, 3*g = -4*a + 25. What is s(g)?
8
Let g(l) = 5*l - 5. Let r(a) = 14*a - 15. Let s(z) = 17*g(z) - 6*r(z). Let t be 4*1/2 - 2. Suppose t = 2*v - 2*x - 2*x, -5*x = -10. Determine s(v).
9
Let g(c) be the third derivative of -1/60*c**5 - 1/2*c**3 + 0*c + 84*c**2 + 0 - 1/24*c**4. Give g(-6).
-33
Let g(l) = -22*l**2 + 145*l - 145. Let d be g(1). Let w(v) = v**2 + 23*v + 20. Give w(d).
-2
Let o(t) = t**3 - 10*t**2 + 6*t + 28. Let m be o(9). Let d be m/(-9)*3*6 + 12. Let p(j) = -j**3 + 11*j**2 - 9*j - 13. Determine p(d).
-3
Suppose 48*u = 60*u - 84. Suppose -3*v + 3*l = u - 19, 0 = 3*v - 5*l - 14. Let m(r) = -r**3 + r**2 + 3*r + 2. What is m(v)?
-7
Let x(w) be the second derivative of w**5/20 + w**4/2 - w**3 + w**2 + 2*w. Let j be (-13 + (-620)/(-45))*-9. Determine x(j).
-5
Let o(j) be the first derivative of -7*j**4/12 - j**3/3 + j**2/2 - 86*j + 55. Let w(k) be the first derivative of o(k). Give w(1).
-8
Let u = -668 - -458. Let q = -213 - u. Let b(h) = 5*h**2 + 2*h + 11. Let o(a) = -3*a**2 - a - 6. Let s(p) = -4*b(p) - 7*o(p). Give s(q).
10
Let m be 4/(-18) + 236/9. Let i = m - 23. Let r(n) = -11*n**i + 12*n**3 - 1 - 4 + n. What is r(0)?
-5
Let x(k) = -9*k - 53. Let o be x(-6). Let a(v) = v**2 - 1. Let h(f) = f**2 + 1 + 7*f + 1 - 7*f. Let z(d) = -6*a(d) - 3*h(d). What is z(o)?
-9
Let g(i) = i**2 - 6*i + 10. Suppose -3*b - 4*f + 3 = -3, -2*b - f = 1. Let v be (-45)/(-10) + b/4. Determine g(v).
2
Let u(d) = d**3 + 11*d**2 + 16*d + 7. Let z = 13562 - 13571. Calculate u(z).
25
Let i = 94 + -78. Let l = i + -19. Let n(q) = -q**2 + 4. Calculate n(l).
-5
Let k(p) = p**3 - 5*p**2 + 3*p - 1. Let c(q) = q**2 + 8. Let s be c(-2). Suppose 7*t - s = 4*t. Give k(t).
-5
Suppose -11*u - 21 = -14*u. Suppose -3*a = 3*i - 3, i = -a - 3*a + u. Let z be (-4)/(i/(3/(-6)) - 0). Let v(c) = -c**2. Calculate v(z).
-4
Let j(f) = 2*f**2 - 4*f + 14. Let n(w) = -3*w**2 + 7*w - 26. Let t(h) = 5*j(h) + 3*n(h). Let d(x) = -23*x + 92. Let i be d(4). Calculate t(i).
-8
Let t be 2 - -9*(-10)/(-15). Suppose -111 = -11*j - 45. Let c(y) = -y**3 - 9*y + 15*y**2 - j*y**2 + 10 - y + 1. Calculate c(t).
-5
Let x(g) = -g**3 + 8*g**2 + 8*g + 5. Let h(k) = 3*k**2 + 20*k + 2. Let j be h(-7). Let f be (j/(-15))/(1/(-15)). Give x(f).
-4
Suppose 38*c - 1847 = -1771. Let k(m) = -6*m**2 + m - 4. Determine k(c).
-26
Let v(h) = h**3 + h**2 + h + 10. Let x(l) = l**2. Let z = -149 + 102. Let b = z + 45. Let w(f) = b*x(f) + v(f). Calculate w(0).
10
Let h(s) be the first derivative of 11*s**4/4 + s**3/3 - s**2/2 + s + 2. Let t(n) = -3*n - 1. Let b be t(-5). Suppose b*q - 18*q = -4. What is h(q)?
12
Let p(k) = 2*k